{"id":51,"date":"2020-03-20T18:38:17","date_gmt":"2020-03-20T17:38:17","guid":{"rendered":"http:\/\/cafh.es\/?page_id=51"},"modified":"2020-04-06T19:38:45","modified_gmt":"2020-04-06T17:38:45","slug":"recursos","status":"publish","type":"page","link":"https:\/\/cafh.es\/index.php\/recursos\/","title":{"rendered":"Recursos"},"content":{"rendered":"\n<p class=\"has-text-color has-background has-medium-font-size has-luminous-vivid-orange-color has-very-light-gray-background-color\">Cursos de Ense\u00f1anzas 2020<\/p>\n\n\n\n<ul class=\"wp-block-list\"><li><a href=\"http:\/\/cafh.es\/wp-content\/uploads\/2020\/03\/MATICES-DE-LA-ORACION-1.pdf\">Matices de la oraci\u00f3n<\/a><\/li><li><a href=\"http:\/\/cafh.es\/wp-content\/uploads\/2020\/03\/PRACTICAS-DE-DESENVOLVIMIENTO-Edicion-2019-1.pdf\">Pr\u00e1cticas de desenvolvimiento<\/a><\/li><li>Otros&#8230;<\/li><\/ul>\n\n\n\n<p class=\"has-text-color has-background has-medium-font-size has-luminous-vivid-orange-color has-very-light-gray-background-color\">Pel\u00edculas y otros audiovisuales recomendados<\/p>\n\n\n\n<div class=\"wp-block-media-text alignwide\"><figure class=\"wp-block-media-text__media\"><img loading=\"lazy\" decoding=\"async\" width=\"1024\" height=\"614\" src=\"http:\/\/cafh.es\/wp-content\/uploads\/2020\/03\/coffee-1024x614.jpg\" alt=\"\" class=\"wp-image-7\" srcset=\"https:\/\/cafh.es\/wp-content\/uploads\/2020\/03\/coffee-1024x614.jpg 1024w, https:\/\/cafh.es\/wp-content\/uploads\/2020\/03\/coffee-300x180.jpg 300w, https:\/\/cafh.es\/wp-content\/uploads\/2020\/03\/coffee-768x461.jpg 768w, https:\/\/cafh.es\/wp-content\/uploads\/2020\/03\/coffee.jpg 2000w\" sizes=\"auto, (max-width: 1024px) 100vw, 1024px\" \/><\/figure><div class=\"wp-block-media-text__content\">\n<h2 class=\"wp-block-heading\">T\u00edtulo de la pel\u00edcula<\/h2>\n\n\n\n<p>Breve invitaci\u00f3n a verla:<\/p>\n\n\n\n<p>Lorem ipsum dolor sit amet consectetur adipiscing elit nulla massa, ultrices dui conubia malesuada vivamus primis porttitor quis imperdiet, fames semper id sociis nunc pharetra hendrerit ullamcorper. Potenti vivamus euismod bibendum blandit porta, habitant congue aenean senectus aliquam, parturient accumsan justo vulputate. Imperdiet varius blandit potenti venenatis nibh torquent penatibus etiam, cursus at congue integer justo luctus auctor, ullamcorper tortor id nulla lacinia montes duis<\/p>\n<\/div><\/div>\n\n\n\n<p class=\"has-text-color has-background has-medium-font-size has-luminous-vivid-orange-color has-very-light-gray-background-color\">Lecturas recomendadas<\/p>\n\n\n\n<div class=\"wp-block-media-text alignwide has-media-on-the-right\"><figure class=\"wp-block-media-text__media\"><img loading=\"lazy\" decoding=\"async\" width=\"1024\" height=\"614\" src=\"http:\/\/cafh.es\/wp-content\/uploads\/2020\/03\/espresso-1024x614.jpg\" alt=\"\" class=\"wp-image-5\" srcset=\"https:\/\/cafh.es\/wp-content\/uploads\/2020\/03\/espresso-1024x614.jpg 1024w, https:\/\/cafh.es\/wp-content\/uploads\/2020\/03\/espresso-300x180.jpg 300w, https:\/\/cafh.es\/wp-content\/uploads\/2020\/03\/espresso-768x461.jpg 768w, https:\/\/cafh.es\/wp-content\/uploads\/2020\/03\/espresso.jpg 2000w\" sizes=\"auto, (max-width: 1024px) 100vw, 1024px\" \/><\/figure><div class=\"wp-block-media-text__content\">\n<h2 class=\"wp-block-heading\">T\u00edtulo del texto<\/h2>\n\n\n\n<p>Invitaci\u00f3n a la lectura:<\/p>\n\n\n\n<p>Lorem ipsum dolor sit amet consectetur adipiscing elit nulla massa, ultrices dui conubia malesuada vivamus primis porttitor quis imperdiet, fames semper id sociis nunc pharetra hendrerit ullamcorper. <\/p>\n<\/div><\/div>\n","protected":false},"excerpt":{"rendered":"<p>Cursos de Ense\u00f1anzas 2020 Matices de la oraci\u00f3n Pr\u00e1cticas de desenvolvimiento Otros&#8230; Pel\u00edculas y otros audiovisuales recomendados T\u00edtulo de la pel\u00edcula Breve invitaci\u00f3n a verla: Lorem ipsum dolor sit amet consectetur adipiscing elit nulla massa, ultrices dui conubia malesuada vivamus primis porttitor quis imperdiet, fames semper id sociis nunc pharetra hendrerit ullamcorper. Potenti vivamus euismod bibendum blandit porta, habitant congue aenean senectus aliquam, parturient accumsan justo vulputate. Imperdiet varius blandit potenti venenatis nibh torquent penatibus etiam, cursus at congue integer justo luctus auctor, ullamcorper tortor id nulla lacinia montes duis Lecturas recomendadas T\u00edtulo del texto Invitaci\u00f3n a la lectura: Lorem ipsum dolor sit amet consectetur adipiscing elit nulla massa, ultrices dui conubia malesuada vivamus primis porttitor quis imperdiet, fames semper id sociis nunc pharetra hendrerit ullamcorper.<\/p>\n","protected":false},"author":1,"featured_media":0,"parent":0,"menu_order":0,"comment_status":"closed","ping_status":"closed","template":"","meta":{"footnotes":""},"class_list":["post-51","page","type-page","status-publish","hentry"],"rttpg_featured_image_url":null,"rttpg_author":{"display_name":"Cafh Espa\u00f1a","author_link":"https:\/\/cafh.es\/index.php\/author\/admin4521\/"},"rttpg_comment":0,"rttpg_category":null,"rttpg_excerpt":"Cursos de Ense\u00f1anzas 2020 Matices de la oraci\u00f3n Pr\u00e1cticas de desenvolvimiento Otros&#8230; Pel\u00edculas y otros audiovisuales recomendados T\u00edtulo de la pel\u00edcula Breve invitaci\u00f3n a verla: Lorem ipsum dolor sit amet consectetur adipiscing elit nulla massa, ultrices dui conubia malesuada vivamus primis porttitor quis imperdiet, fames semper id sociis nunc pharetra hendrerit ullamcorper. Potenti vivamus euismod&hellip;","_links":{"self":[{"href":"https:\/\/cafh.es\/index.php\/wp-json\/wp\/v2\/pages\/51","targetHints":{"allow":["GET"]}}],"collection":[{"href":"https:\/\/cafh.es\/index.php\/wp-json\/wp\/v2\/pages"}],"about":[{"href":"https:\/\/cafh.es\/index.php\/wp-json\/wp\/v2\/types\/page"}],"author":[{"embeddable":true,"href":"https:\/\/cafh.es\/index.php\/wp-json\/wp\/v2\/users\/1"}],"replies":[{"embeddable":true,"href":"https:\/\/cafh.es\/index.php\/wp-json\/wp\/v2\/comments?post=51"}],"version-history":[{"count":12,"href":"https:\/\/cafh.es\/index.php\/wp-json\/wp\/v2\/pages\/51\/revisions"}],"predecessor-version":[{"id":152,"href":"https:\/\/cafh.es\/index.php\/wp-json\/wp\/v2\/pages\/51\/revisions\/152"}],"wp:attachment":[{"href":"https:\/\/cafh.es\/index.php\/wp-json\/wp\/v2\/media?parent=51"}],"curies":[{"name":"wp","href":"https:\/\/api.w.org\/{rel}","templated":true}]}}