{"id":156,"date":"2020-04-07T18:21:11","date_gmt":"2020-04-07T16:21:11","guid":{"rendered":"http:\/\/cafh.es\/?page_id=156"},"modified":"2020-06-24T13:52:43","modified_gmt":"2020-06-24T11:52:43","slug":"desenvolvimiento-y-adversidad","status":"publish","type":"page","link":"https:\/\/cafh.es\/index.php\/desenvolvimiento-y-adversidad\/","title":{"rendered":"Desenvolvimiento y Adversidad"},"content":{"rendered":"\n<hr class=\"wp-block-separator is-style-wide\"\/>\n\n\n\n<div style=\"height:30px\" aria-hidden=\"true\" class=\"wp-block-spacer\"><\/div>\n\n\n<h6 class=\"fonts-plugin-block \" style=\"font-family: arial;font-size: 25px;color: #163592\">\u2018La adversidad es una gran oportunidad para trabajar nuestro desenvolvimiento\u2019 <\/h6>\n\n\n<div style=\"height:30px\" aria-hidden=\"true\" class=\"wp-block-spacer\"><\/div>\n\n\n<p class=\"fonts-plugin-block \" style=\"line-height: 1.8\">Este a\u00f1o tuvimos la oportunidad y fortuna de comprobarlo y capitalizarlo cabalmente. Como trabajo anual de nuestro equipo hab\u00edamos previsto realizar un encuentro con todos los miembros de Cafh de Espa\u00f1a, hab\u00edamos imaginado una jornada placentera, en la que encontrarnos, compartir, reflexionar; volver a vernos algunos y conocernos otros. Pero luego, como todos sab\u00e9is nos sorprendi\u00f3 el COVID y el confinamiento. Pues, lejos de desanimarnos y cancelar, pensamos en ser creativos y capitalizar la situaci\u00f3n. Por ello propusimos realizar el Primer Encuentro Virtual de Cafh Espa\u00f1a. R\u00e1pidamente nos pusimos manos a la obra, preparamos una nueva la agenda, nuevas actividades; creamos una escaleta con el gui\u00f3n del evento, ensayamos y nos lanzamos!<br><br> La convocatoria fue bienvenida y la asistencia super\u00f3 nuestras expectativas. Hubo mucha emoci\u00f3n y conexi\u00f3n. <br><br> Algunos no nos conoc\u00edamos, otros volv\u00edan a verse desde hac\u00eda mucho tiempo. <br><br> Hicimos un ejercicio de respiraci\u00f3n, nos presentamos uno a uno, expusimos los nuevos paradigmas que nos plantea la pandemia y dialogamos al respecto.\u00a0 <br><br> Fueron dos horas de conexi\u00f3n virtual en las que como grupo y equipo cumplimos con nuestro cometido pero, sobre todo, fue una experiencia rica desde lo espiritual porque adem\u00e1s de reconectar la energ\u00eda de la gran corriente, nos permiti\u00f3 sentir que ante la adversidad siempre hay formas creativas de seguir aportando nuestro granito de arena para desenvolvernos.<br><\/p>","protected":false},"excerpt":{"rendered":"","protected":false},"author":1,"featured_media":0,"parent":0,"menu_order":0,"comment_status":"closed","ping_status":"closed","template":"","meta":{"footnotes":""},"class_list":["post-156","page","type-page","status-publish","hentry"],"rttpg_featured_image_url":null,"rttpg_author":{"display_name":"Cafh Espa\u00f1a","author_link":"https:\/\/cafh.es\/index.php\/author\/admin4521\/"},"rttpg_comment":0,"rttpg_category":null,"rttpg_excerpt":null,"_links":{"self":[{"href":"https:\/\/cafh.es\/index.php\/wp-json\/wp\/v2\/pages\/156","targetHints":{"allow":["GET"]}}],"collection":[{"href":"https:\/\/cafh.es\/index.php\/wp-json\/wp\/v2\/pages"}],"about":[{"href":"https:\/\/cafh.es\/index.php\/wp-json\/wp\/v2\/types\/page"}],"author":[{"embeddable":true,"href":"https:\/\/cafh.es\/index.php\/wp-json\/wp\/v2\/users\/1"}],"replies":[{"embeddable":true,"href":"https:\/\/cafh.es\/index.php\/wp-json\/wp\/v2\/comments?post=156"}],"version-history":[{"count":10,"href":"https:\/\/cafh.es\/index.php\/wp-json\/wp\/v2\/pages\/156\/revisions"}],"predecessor-version":[{"id":822,"href":"https:\/\/cafh.es\/index.php\/wp-json\/wp\/v2\/pages\/156\/revisions\/822"}],"wp:attachment":[{"href":"https:\/\/cafh.es\/index.php\/wp-json\/wp\/v2\/media?parent=156"}],"curies":[{"name":"wp","href":"https:\/\/api.w.org\/{rel}","templated":true}]}}

<hr class="wp-block-separator is-style-wide"/>



<div style="height:30px" aria-hidden="true" class="wp-block-spacer"></div>


<h6 class="fonts-plugin-block " style="font-family: arial;font-size: 25px;color: #163592">‘La adversidad es una gran oportunidad para trabajar nuestro desenvolvimiento’ </h6>


<div style="height:30px" aria-hidden="true" class="wp-block-spacer"></div>


<p class="fonts-plugin-block " style="line-height: 1.8">Este año tuvimos la oportunidad y fortuna de comprobarlo y capitalizarlo cabalmente. Como trabajo anual de nuestro equipo habíamos previsto realizar un encuentro con todos los miembros de Cafh de España, habíamos imaginado una jornada placentera, en la que encontrarnos, compartir, reflexionar; volver a vernos algunos y conocernos otros. Pero luego, como todos sabéis nos sorprendió el COVID y el confinamiento. Pues, lejos de desanimarnos y cancelar, pensamos en ser creativos y capitalizar la situación. Por ello propusimos realizar el Primer Encuentro Virtual de Cafh España. Rápidamente nos pusimos manos a la obra, preparamos una nueva la agenda, nuevas actividades; creamos una escaleta con el guión del evento, ensayamos y nos lanzamos!<br><br> La convocatoria fue bienvenida y la asistencia superó nuestras expectativas. Hubo mucha emoción y conexión. <br><br> Algunos no nos conocíamos, otros volvían a verse desde hacía mucho tiempo. <br><br> Hicimos un ejercicio de respiración, nos presentamos uno a uno, expusimos los nuevos paradigmas que nos plantea la pandemia y dialogamos al respecto.  <br><br> Fueron dos horas de conexión virtual en las que como grupo y equipo cumplimos con nuestro cometido pero, sobre todo, fue una experiencia rica desde lo espiritual porque además de reconectar la energía de la gran corriente, nos permitió sentir que ante la adversidad siempre hay formas creativas de seguir aportando nuestro granito de arena para desenvolvernos.<br></p>

Cafh España
